?
739
What are the prime factors of 37310?
2, 5, 7, 13, 41
What are the prime factors of 7667?
11, 17, 41
List the prime factors of 1642.
2, 821
What are the prime factors of 801?
3, 89
What are the prime factors of 2414?
2, 17, 71
What are the prime factors of 31244?
2, 73, 107
List the prime factors of 2562.
2, 3, 7, 61
What are the prime factors of 8875?
5, 71
List the prime factors of 51362.
2, 61, 421
What are the prime factors of 279?
3, 31
What are the prime factors of 12290?
2, 5, 1229
List the prime factors of 6833.
6833
List the prime factors of 37423.
37423
List the prime factors of 180.
2, 3, 5
What are the prime factors of 2792?
2, 349
What are the prime factors of 22120?
2, 5, 7, 79
What are the prime factors of 5891?
43, 137
List the prime factors of 37012.
2, 19, 487
What are the prime factors of 58949?
11, 23, 233
List the prime factors of 165804.
2, 3, 41, 337
What are the prime factors of 15640?
2, 5, 17, 23
List the prime factors of 14071.
14071
List the prime factors of 14057.
14057
List the prime factors of 810.
2, 3, 5
What are the prime factors of 1686?
2, 3, 281
What are the prime factors of 4580?
2, 5, 229
What are the prime factors of 7463?
17, 439
What are the prime factors of 94573?
94573
What are the prime factors of 104646?
2, 3, 107, 163
What are the prime factors of 13728?
2, 3, 11, 13
List the prime factors of 966.
2, 3, 7, 23
What are the prime factors of 175117?
17, 10301
List the prime factors of 25526.
2, 12763
List the prime factors of 2335.
5, 467
What are the prime factors of 109281?
3, 73, 499
List the prime factors of 1773.
3, 197
List the prime factors of 147.
3, 7
What are the prime factors of 3616?
2, 113
What are the prime factors of 14896?
2, 7, 19
List the prime factors of 21621.
3, 7207
List the prime factors of 37745.
5, 7549
List the prime factors of 1334.
2, 23, 29
What are the prime factors of 875?
5, 7
What are the prime factors of 20956?
2, 13, 31
List the prime factors of 1338.
2, 3, 223
List the prime factors of 8116.
2, 2029
List the prime factors of 2261.
7, 17, 19
List the prime factors of 40049.
29, 1381
List the prime factors of 1337.
7, 191
List the prime factors of 39221.
7, 13, 431
List the prime factors of 27094.
2, 19, 23, 31
List the prime factors of 19112.
2, 2389
What are the prime factors of 25811?
53, 487
What are the prime factors of 44221?
44221
List the prime factors of 992.
2, 31
List the prime factors of 22998.
2, 3, 3833
List the prime factors of 2448.
2, 3, 17
What are the prime factors of 71?
71
List the prime factors of 807.
3, 269
What are the prime factors of 273?
3, 7, 13
What are the prime factors of 413?
7, 59
What are the prime factors of 1191?
3, 397
List the prime factors of 8.
2
List the prime factors of 294.
2, 3, 7
List the prime factors of 14485.
5, 2897
List the prime factors of 8334.
2, 3, 463
List the prime factors of 572.
2, 11, 13
List the prime factors of 112434.
2, 3, 7, 2677
What are the prime factors of 4642?
2, 11, 211
What are the prime factors of 20099?
101, 199
List the prime factors of 503.
503
What are the prime factors of 14328?
2, 3, 199
What are the prime factors of 81?
3
What are the prime factors of 217?
7, 31
What are the prime factors of 3051?
3, 113
List the prime factors of 1226.
2, 613
List the prime factors of 1407.
3, 7, 67
List the prime factors of 447.
3, 149
List the prime factors of 8157.
3, 2719
What are the prime factors of 17285?
5, 3457
List the prime factors of 83677.
11, 7607
List the prime factors of 476.
2, 7, 17
List the prime factors of 519.
3, 173
List the prime factors of 12692.
2, 19, 167
What are the prime factors of 16914?
2, 3, 2819
List the prime factors of 44470.
2, 5, 4447
What are the prime factors of 1238?
2, 619
What are the prime factors of 4305?
3, 5, 7, 41
List the prime factors of 2111.
2111
What are the prime factors of 52171?
7, 29, 257
List the prime factors of 55.
5, 11
List the prime factors of 89390.
2, 5, 7, 1277
List the prime factors of 10307.
11, 937
List the prime factors of 1002.
2, 3, 167
What are the prime factors of 6?
2, 3
List the prime factors of 51639.
3, 7, 2459
What are the prime factors of 39004?
2, 7, 199
What are the prime factors of 11488?
2, 359
What are the prime factors of 6330?
2, 3, 5, 211
What are the prime factors of 5462?
2, 2731
List the prime factors of 169620.
2, 3, 5, 11, 257
List the prime factors of 26698.
2, 7, 1907
List the prime factors of 3851.
3851
What are the prime factors of 11525?
5, 461
What are the prime factors of 207816?
2, 3, 7, 1237
What are the prime factors of 33019?
7, 53, 89
What are the prime factors of 1161?
3, 43
What are the prime factors of 3797?
3797
What are the prime factors of 1370?
2, 5, 137
List the prime factors of 26469.
3, 17, 173
List the prime factors of 17781.
3, 5927
List the prime factors of 945.
3, 5, 7
What are the prime factors of 615?
3, 5, 41
List the prime factors of 1378.
2, 13, 53
What are the prime factors of 753?
3, 251
What are the prime factors of 41469?
3, 23, 601
What are the prime factors of 51085?
5, 17, 601
List the prime factors of 20380.
2, 5, 1019
What are the prime factors of 15969?
3, 5323
What are the prime factors of 1082?
2, 541
What are the prime factors of 3282?
2, 3, 547
What are the prime factors of 59464?
2, 7433
What are the prime factors of 1515?
3, 5, 101
What are the prime factors of 8257?
23, 359
What are the prime factors of 5452?
2, 29, 47
What are the prime factors of 2134?
2, 11, 97
What are the prime factors of 19423?
19423
What are the prime factors of 3691?
3691
List the prime factors of 5816.
2, 727
List the prime factors of 915.
3, 5, 61
What are the prime factors of 7516?
2, 1879
List the prime factors of 2788.
2, 17, 41
List the prime factors of 38132.
2, 9533
What are the prime factors of 63138?
2, 3, 17, 619
List the prime factors of 27992.
2, 3499
List the prime factors of 2594.
2, 1297
What are the prime factors of 1525?
5, 61
What are the prime factors of 256?
2
What are the prime factors of 2013?
3, 11, 61
List the prime factors of 187652.
2, 43, 1091
What are the prime factors of 943?
23, 41
List the prime factors of 1128.
2, 3, 47
What are the prime factors of 20516?
2, 23, 223
List the prime factors of 29.
29
List the prime factors of 1604.
2, 401
List the prime factors of 33182.
2, 47, 353
What are the prime factors of 72?
2, 3
List the prime factors of 32962.
2, 16481
What are the prime factors of 325?
5, 13
What are the prime factors of 48929?
113, 433
What are the prime factors of 1846?
2, 13, 71
List the prime factors of 61006.
2, 11, 47, 59
List the prime factors of 1715.
5, 7
List the prime factors of 791.
7, 113
List the prime factors of 4890.
2, 3, 5, 163
What are the prime factors of 1294?
2, 647
What are the prime factors of 32380?
2, 5, 1619
What are the prime factors of 623?
7, 89
What are the prime factors of 191?
191
List the prime factors of 168040.
2, 5, 4201
List the prime factors of 6382.
2, 3191
What are the prime factors of 23522?
2, 19, 619
What are the prime factors of 986?
2, 17, 29
List the prime factors of 398.
2, 199
What are the prime factors of 7707?
3, 7, 367
List the prime factors of 1257.
3, 419
What are the prime factors of 105396?
2, 3, 8783
List the prime factors of 75023.
13, 29, 199
List the prime factors of 71094.
2, 3, 17, 41
What are the prime factors of 53290?
2, 5, 73
What are the prime factors of 4571?
7, 653
List the prime factors of 1019.
1019
What are the prime factors of 61755?
3, 5, 23, 179
What are the prime factors of 10591?
7, 17, 89
What are the prime factors of 995?
5, 199
List the prime factors of 28250.
2, 5, 113
List the prime factors of 2773.
47, 59
What are the prime factors of 30934?
2, 15467
What are the prime factors of 402?
2, 3, 67
What are the prime factors of 811?
811
What are the prime factors of 1408?
2, 11
What are the prime factors of 6184?
2, 773
List the prime factors of 423.
3, 47
What are the prime factors of 41901?
3, 13967
List the prime factors of 9080.
2, 5, 227
List the prime factors of 1987.
1987
List the prime factors of 740.
2, 5, 37
List the prime factors of 5071.
11, 461
What are the prime factors of 3598?
2, 7, 257
What are the prime factors of 4556?
2, 17, 67
List the prime fac